f 86554.
2, 13, 3329
What are the prime factors of 189665?
5, 7, 5419
List the prime factors of 1726789.
227, 7607
List the prime factors of 1784252.
2, 17, 19, 1381
What are the prime factors of 128205?
3, 5, 7, 11, 37
What are the prime factors of 7854727?
73, 107599
List the prime factors of 7675490.
2, 5, 767549
What are the prime factors of 65247?
3, 7, 13, 239
What are the prime factors of 3462501?
3, 7, 164881
What are the prime factors of 2597521?
31, 83791
List the prime factors of 803007.
3, 29741
What are the prime factors of 69131?
73, 947
List the prime factors of 26412596.
2, 7, 943307
What are the prime factors of 2938566?
2, 3, 489761
List the prime factors of 250074.
2, 3, 11, 421
List the prime factors of 877460.
2, 5, 73, 601
List the prime factors of 4167145.
5, 833429
List the prime factors of 91291.
91291
List the prime factors of 6934773.
3, 2311591
What are the prime factors of 7523190?
2, 3, 5, 83591
What are the prime factors of 28168210?
2, 5, 7, 402403
What are the prime factors of 221577?
3, 73859
List the prime factors of 563207.
137, 4111
List the prime factors of 1800152.
2, 43, 5233
List the prime factors of 81368.
2, 7, 1453
List the prime factors of 2894661.
3, 7, 11, 4177
What are the prime factors of 5517886?
2, 11, 250813
List the prime factors of 5077005.
3, 5, 89, 3803
List the prime factors of 1987663.
131, 15173
What are the prime factors of 1243525?
5, 49741
What are the prime factors of 2508481?
2508481
What are the prime factors of 2806154?
2, 13, 37, 2917
List the prime factors of 3508462.
2, 1754231
What are the prime factors of 3721970?
2, 5, 7, 53171
List the prime factors of 395961.
3, 89, 1483
What are the prime factors of 11818475?
5, 19, 139, 179
What are the prime factors of 764332?
2, 19, 89, 113
What are the prime factors of 903155?
5, 11, 16421
List the prime factors of 2604079.
2604079
What are the prime factors of 2883941?
1249, 2309
List the prime factors of 38925203.
38925203
List the prime factors of 2378026.
2, 7, 169859
What are the prime factors of 828974?
2, 414487
List the prime factors of 17255284.
2, 1427, 3023
What are the prime factors of 338296?
2, 7, 863
List the prime factors of 161491.
11, 53, 277
List the prime factors of 21398.
2, 13, 823
List the prime factors of 15874592.
2, 431, 1151
List the prime factors of 877966.
2, 438983
List the prime factors of 834722.
2, 7, 109, 547
List the prime factors of 42760733.
2153, 19861
What are the prime factors of 7570669?
7570669
What are the prime factors of 9060376?
2, 13, 87119
List the prime factors of 274632.
2, 3, 11443
List the prime factors of 21603856.
2, 37, 36493
List the prime factors of 3084748.
2, 31, 24877
List the prime factors of 32250195.
3, 5, 716671
List the prime factors of 63562.
2, 61, 521
What are the prime factors of 4845127?
7, 692161
List the prime factors of 11743152.
2, 3, 349, 701
What are the prime factors of 4337834?
2, 2168917
What are the prime factors of 537560?
2, 5, 89, 151
List the prime factors of 9413512.
2, 17, 19, 3643
What are the prime factors of 2998361?
709, 4229
What are the prime factors of 9257528?
2, 7, 165313
What are the prime factors of 8580848?
2, 181, 2963
List the prime factors of 2098.
2, 1049
List the prime factors of 197382.
2, 3, 67, 491
List the prime factors of 849785.
5, 169957
List the prime factors of 936883.
113, 8291
List the prime factors of 27276083.
821, 33223
List the prime factors of 253962.
2, 3, 4703
What are the prime factors of 179863?
131, 1373
List the prime factors of 779057.
19, 131, 313
List the prime factors of 807487.
807487
List the prime factors of 16315341.
3, 7, 776921
List the prime factors of 1102286.
2, 551143
List the prime factors of 6457133.
487, 13259
What are the prime factors of 454288?
2, 28393
What are the prime factors of 367278?
2, 3, 41, 1493
What are the prime factors of 894356?
2, 223589
What are the prime factors of 129811?
11, 11801
What are the prime factors of 1506989?
11, 136999
List the prime factors of 3277451.
47, 137, 509
List the prime factors of 413177.
47, 59, 149
What are the prime factors of 115585?
5, 23117
What are the prime factors of 12977654?
2, 31, 209317
What are the prime factors of 1169298?
2, 3, 13, 19, 263
What are the prime factors of 856693?
856693
List the prime factors of 360504.
2, 3, 1669
List the prime factors of 2868253.
79, 36307
List the prime factors of 8513433.
3, 945937
What are the prime factors of 76286?
2, 7, 5449
List the prime factors of 6168.
2, 3, 257
What are the prime factors of 255151?
13, 19, 1033
What are the prime factors of 884914?
2, 442457
What are the prime factors of 147562?
2, 89, 829
List the prime factors of 8891517.
3, 239, 12401
What are the prime factors of 19842637?
19842637
List the prime factors of 10590496.
2, 7, 47279
List the prime factors of 687221.
79, 8699
What are the prime factors of 12023710?
2, 5, 23, 61, 857
What are the prime factors of 662491?
662491
List the prime factors of 139521.
3, 46507
What are the prime factors of 9332518?
2, 13, 27611
List the prime factors of 7535012.
2, 17, 29, 3821
List the prime factors of 1270996.
2, 61, 5209
List the prime factors of 9074679.
3, 593, 5101
List the prime factors of 7435005.
3, 5, 495667
List the prime factors of 194339.
31, 6269
What are the prime factors of 27748153?
89, 139, 2243
What are the prime factors of 2526793?
59, 113, 379
What are the prime factors of 4778039?
7, 97511
List the prime factors of 371165.
5, 19, 3907
What are the prime factors of 2012827?
2012827
What are the prime factors of 19046930?
2, 5, 7, 19, 14321
What are the prime factors of 22983188?
2, 47, 122251
List the prime factors of 231134.
2, 163, 709
What are the prime factors of 4235477?
1459, 2903
List the prime factors of 1952092.
2, 41, 11903
What are the prime factors of 3700795?
5, 7, 43, 2459
What are the prime factors of 1755105?
3, 5, 11, 967
List the prime factors of 688682.
2, 53, 73, 89
List the prime factors of 4915991.
67, 239, 307
List the prime factors of 394299.
3, 193, 227
List the prime factors of 92323.
7, 11, 109
List the prime factors of 15209685.
3, 5, 31, 10903
List the prime factors of 27060729.
3, 9020243
List the prime factors of 576267.
3, 47, 61, 67
What are the prime factors of 473045?
5, 37, 2557
What are the prime factors of 236907?
3, 11, 2393
What are the prime factors of 207819?
3, 43, 179
What are the prime factors of 1895525?
5, 75821
What are the prime factors of 2088433?
17, 122849
What are the prime factors of 3169319?
3169319
What are the prime factors of 166475?
5, 6659
What are the prime factors of 471581?
11, 43, 997
What are the prime factors of 27905754?
2, 3, 2039, 2281
What are the prime factors of 1788418?
2, 894209
What are the prime factors of 1115692?
2, 41, 6803
List the prime factors of 57062.
2, 103, 277
What are the prime factors of 2604837?
3, 31, 37, 757
What are the prime factors of 129117?
3, 193, 223
List the prime factors of 2534695.
5, 19, 26681
List the prime factors of 76721.
17, 4513
What are the prime factors of 193705?
5, 19, 2039
List the prime factors of 2093793.
3, 13, 37, 1451
What are the prime factors of 14707135?
5, 293, 10039
What are the prime factors of 858812?
2, 53, 4051
What are the prime factors of 148708?
2, 7, 47, 113
List the prime factors of 275919.
3, 7, 1877
List the prime factors of 43923.
3, 11
What are the prime factors of 583540?
2, 5, 163, 179
List the prime factors of 34835147.
34835147
What are the prime factors of 718732?
2, 7, 19, 193
List the prime factors of 1198650.
2, 3, 5, 61, 131
List the prime factors of 1087130.
2, 5, 11, 9883
List the prime factors of 138905.
5, 13, 2137
What are the prime factors of 824714?
2, 11, 19, 1973
List the prime factors of 5360118.
2, 3, 139, 6427
List the prime factors of 30962889.
3, 1451, 2371
List the prime factors of 979851.
3, 326617
List the prime factors of 3982753.
1031, 3863
What are the prime factors of 247280?
2, 5, 11, 281
List the prime factors of 180714.
2, 3, 30119
List the prime factors of 5466742.
2, 2733371
List the prime factors of 263700.
2, 3, 5, 293
List the prime factors of 517203.
3, 57467
List the prime factors of 3918884.
2, 61, 16061
What are the prime factors of